{"id":99,"date":"2012-02-11T21:43:31","date_gmt":"2012-02-11T20:43:31","guid":{"rendered":"http:\/\/www.ffct-codep35.org\/?page_id=99"},"modified":"2024-11-04T18:02:52","modified_gmt":"2024-11-04T17:02:52","slug":"randonnees-permanentes","status":"publish","type":"page","link":"https:\/\/www.ffct-codep35.org\/?page_id=99","title":{"rendered":"Randonn\u00e9es permanentes"},"content":{"rendered":"<h1 style=\"text-align: center;\"><span style=\"text-decoration: underline;\"><span style=\"color: #000080; text-decoration: underline;\"><strong>Randonn\u00e9es permanentes en Ille-et-Vilaine<\/strong><\/span><\/span><\/h1>\n<p>&nbsp;<\/p>\n<h2>&nbsp;<span style=\"text-decoration: underline;\"><span style=\"color: #000080; text-decoration: underline;\">Les Fl\u00e8ches de l&rsquo;Ouest<\/span><\/span><\/h2>\n<ul>\n<li><span style=\"color: #000080;\">Label national N\u00b0128<\/span><\/li>\n<li><span style=\"color: #000080;\">Organisation : Esp\u00e9rance Chartres de Bretagne<\/span><\/li>\n<li><span style=\"color: #000080;\">Contact : Armel Thabouret, Email : <a href=\"mailto:flechesouest@laposte.net\" target=\"_blank\" rel=\"noopener\">flechesouest@laposte.net<\/a><br \/>\n<\/span><\/li>\n<li><span style=\"color: #000080;\">Kilom\u00e9trage : 19 itin\u00e9raires de 75 \u00e0 415 km<\/span><\/li>\n<li><span style=\"color: #000080;\">Site internet : <span style=\"text-decoration: underline; color: #ff0000;\"><a title=\"Les Fl\u00e8ches de l'Ouest\" href=\"http:\/\/ecbc.ffct.org\/flechesouest\/\" target=\"_blank\" rel=\"noopener\"><span style=\"color: #ff0000; text-decoration: underline;\">Les Fl\u00e8ches de l&rsquo;Ouest<\/span><\/a><\/span><\/span><\/li>\n<\/ul>\n<p>&nbsp;<\/p>\n<h2>&nbsp;<span style=\"text-decoration: underline;\"><span style=\"color: #000080; text-decoration: underline;\">Broc\u00e9liande<\/span><\/span><\/h2>\n<ul>\n<li><span style=\"color: #000080;\">Label national N\u00b0279\/12<\/span><\/li>\n<li><span style=\"color: #000080;\">Organisation : Cyclo-Randonneurs Montfortais<br \/>\n<\/span><\/li>\n<li><span style=\"color: #000080;\">Contact : Serge Massot, Email : <a href=\"mailto:sergemassot35@hotmail.fr\" target=\"_blank\" rel=\"noopener\">sergemassot35@hotmail.fr<\/a> ou <a href=\"mailto:crm35@orange.fr\" target=\"_blank\" rel=\"noopener\">crm35@orange.fr<\/a><br \/>\n<\/span><\/li>\n<li><span style=\"color: #000080;\">Kilom\u00e9trage : 273 km avec 3 circuits de 93, 87 et 93 km<\/span><\/li>\n<li><span style=\"color: #000080;\">D\u00e9nivel\u00e9 total : 2133 m<\/span><\/li>\n<li><span style=\"color: #000080;\">Documents \u00e0 t\u00e9l\u00e9charger : <a href=\"https:\/\/www.ffct-codep35.org\/wp-content\/uploads\/2012\/02\/Broc\u00e9liande_reg.jpg\" target=\"_blank\" rel=\"noopener\"><span style=\"text-decoration: underline;\"><span style=\"color: #ff0000; text-decoration: underline;\">Broc\u00e9liande1<\/span><\/span><span style=\"color: #ff0000;\">, <\/span><\/a><span style=\"text-decoration: underline; color: #ff0000;\"><span style=\"text-decoration: underline;\"><a href=\"https:\/\/www.ffct-codep35.org\/wp-content\/uploads\/2012\/02\/Broc\u00e9liande_pres.jpg\" target=\"_blank\" rel=\"noopener\"><span style=\"color: #ff0000; text-decoration: underline;\">Broc\u00e9liande2<\/span><\/a><\/span><\/span><br \/>\n<\/span><\/li>\n<li><span style=\"color: #000080;\">Site internet : <span style=\"text-decoration: underline;\"><span style=\"color: #ff0000; text-decoration: underline;\"><a title=\"cyclos-randonneurs-montfortais\" href=\"http:\/\/cyclos-randonneurs-montfortais.wifeo.com\/\" target=\"_blank\" rel=\"noopener\"><span style=\"color: #ff0000; text-decoration: underline;\">Cyclo-Randonneurs Montfortais<\/span><\/a><\/span><\/span><\/span><\/li>\n<\/ul>\n<p>&nbsp;<\/p>\n<h2><span style=\"text-decoration: underline;\"><span style=\"color: #000080; text-decoration: underline;\">Tour d&rsquo;Ille et Vilaine Cyclo<\/span><\/span><\/h2>\n<ul>\n<li><span style=\"color: #000080;\">Label national N\u00b0278\/12<\/span><\/li>\n<li><span style=\"color: #000080;\">Organisation : Association Sportive des Cheminots Rennais<br \/>\n<\/span><\/li>\n<li><span style=\"color: #000080;\">Contact : <a href=\"mailto:tourdilleetvilainecyclo@gmail.com\" target=\"_blank\" rel=\"noopener\">tourdilleetvilainecyclo@gmail.com<\/a><\/span><\/li>\n<li><span style=\"color: #000080;\">Kilom\u00e9trage : 489 km<\/span><\/li>\n<li><span style=\"color: #000080;\">D\u00e9nivel\u00e9 total : 3147 m<\/span><\/li>\n<li><span style=\"color: #000080;\">Documents \u00e0 t\u00e9l\u00e9charger : <a href=\"https:\/\/www.ffct-codep35.org\/wp-content\/uploads\/2012\/02\/Tour-dIlle-et-Vilaine-cyclo_reg3.jpg\" target=\"_blank\" rel=\"noopener\"><span style=\"text-decoration: underline; color: #ff0000;\">Tour d&rsquo;Ille et Vilaine1<\/span><\/a><span style=\"color: #ff0000;\">,<\/span> <a href=\"https:\/\/www.ffct-codep35.org\/wp-content\/uploads\/2012\/02\/Tour-dIlle-et-Vilaine-cyclo_pres.jpg\" target=\"_blank\" rel=\"noopener\"><span style=\"text-decoration: underline;\"><span style=\"color: #ff0000; text-decoration: underline;\">Tour d&rsquo;Ille et Vilaine2<\/span><\/span><\/a><br \/>\n<\/span><\/li>\n<\/ul>\n<p>&nbsp;<\/p>\n<h2><span style=\"text-decoration: underline;\"><span style=\"color: #000080; text-decoration: underline;\">Le Porho\u00ebt<\/span><\/span><\/h2>\n<ul>\n<li><span style=\"color: #000080;\">Label national N\u00b0287\/13<\/span><\/li>\n<li><span style=\"color: #000080;\">Organisation : Cyclo-Randonneurs Montfortais<\/span><\/li>\n<li><span style=\"color: #000080;\">Contact : Serge Massot, Email : <a href=\"mailto:sergemassot35@hotmail.fr\" target=\"_blank\" rel=\"noopener\">sergemassot35@hotmail.fr<\/a> ou <a href=\"mailto:crm35@orange.fr\" target=\"_blank\" rel=\"noopener\">crm35@orange.fr<\/a><\/span><\/li>\n<li><span style=\"color: #000080;\">Kilom\u00e9trage : 130 km<\/span><\/li>\n<li><span style=\"color: #000080;\">D\u00e9nivel\u00e9 total : 960 m<\/span><\/li>\n<li><span style=\"color: #000080;\">Documents \u00e0 t\u00e9l\u00e9charger :<\/span> <span style=\"color: #ff0000;\"><span style=\"text-decoration: underline;\"><a title=\"Le Porho\u00ebt1\" href=\"https:\/\/www.ffct-codep35.org\/wp-content\/uploads\/2012\/02\/d\u00e9pliant-LE-PORHOET-recto.pdf\" class=\"mtli_attachment mtli_pdf\" target=\"_blank\" rel=\"noopener\"><span style=\"color: #ff0000; text-decoration: underline;\">Le Porho\u00ebt1<\/span><\/a><\/span><a href=\"https:\/\/www.ffct-codep35.org\/wp-content\/uploads\/2012\/02\/Broc\u00e9liande_reg.jpg\" target=\"_blank\" rel=\"noopener\"><span style=\"color: #ff0000;\">, <\/span><\/a><span style=\"text-decoration: underline;\"><a title=\"Le Porho\u00ebt2\" href=\"https:\/\/www.ffct-codep35.org\/wp-content\/uploads\/2012\/02\/d\u00e9pliant-LE-PORHOET-verso.pdf\" class=\"mtli_attachment mtli_pdf\" target=\"_blank\" rel=\"noopener\"><span style=\"color: #ff0000; text-decoration: underline;\">Le Porho\u00ebt2<\/span><\/a><\/span><\/span><\/li>\n<li><span style=\"color: #000080;\">Site internet :<\/span> <span style=\"text-decoration: underline;\"><span style=\"color: #ff0000; text-decoration: underline;\"><a title=\"cyclos-randonneurs-montfortais\" href=\"http:\/\/cyclos-randonneurs-montfortais.wifeo.com\/\" target=\"_blank\" rel=\"noopener\"><span style=\"color: #ff0000; text-decoration: underline;\">Cyclo-Randonneurs Montfortais<\/span><\/a><\/span><\/span><\/li>\n<\/ul>\n<p>&nbsp;<\/p>\n<h2><span style=\"text-decoration: underline;\"><span style=\"color: #000080; text-decoration: underline;\">Redon, de la rivi\u00e8re \u00e0 l&rsquo;oc\u00e9an<br \/>\n<\/span><\/span><\/h2>\n<ul>\n<li><span style=\"color: #000080;\">Label national N\u00b0292\/14<\/span><\/li>\n<li><span style=\"color: #000080;\">Organisation : Cyclo-Randonneurs Montfortais<\/span><\/li>\n<li><span style=\"color: #000080;\">Contact : Serge Massot, Email : <a href=\"mailto:sergemassot35@hotmail.fr\" target=\"_blank\" rel=\"noopener\">sergemassot35@hotmail.fr<\/a> ou <a href=\"mailto:crm35@orange.fr\" target=\"_blank\" rel=\"noopener\">crm35@orange.fr<\/a><\/span><\/li>\n<li><span style=\"color: #000080;\"><span style=\"color: #000080;\">Kilom\u00e9trage : 4 circuits de 118, 126, 127 et 135 km, soit 506 km au total<\/span><\/span><\/li>\n<li><span style=\"color: #000080;\">D\u00e9nivel\u00e9 total : 4796 m<\/span><\/li>\n<li><span style=\"color: #000080;\">Documents \u00e0 t\u00e9l\u00e9charger :<\/span> <span style=\"color: #ff0000;\"><a href=\"https:\/\/www.ffct-codep35.org\/wp-content\/uploads\/2012\/02\/Redonde-la-rivi\u00e8re-\u00e0-loc\u00e9an_1.pdf\" class=\"mtli_attachment mtli_pdf\" target=\"_blank\" rel=\"noopener\"><span style=\"text-decoration: underline;\"><span style=\"color: #ff0000; text-decoration: underline;\">Redon de la rivi\u00e8re \u00e0 l&rsquo;oc\u00e9an_1<\/span><\/span><\/a><span style=\"color: #ff0000;\">, <\/span><\/span><a href=\"https:\/\/www.ffct-codep35.org\/wp-content\/uploads\/2012\/02\/Redonde-la-rivi\u00e8re-\u00e0-loc\u00e9an_2.pdf\" class=\"mtli_attachment mtli_pdf\" target=\"_blank\" rel=\"noopener\"><span style=\"color: #ff0000;\"><span style=\"text-decoration: underline;\"><span style=\"color: #ff0000; text-decoration: underline;\">Redon de la rivi\u00e8re \u00e0 l&rsquo;oc\u00e9an_2<\/span><\/span><\/span><\/a><\/li>\n<li><span style=\"color: #000080;\">Site internet :<\/span> <span style=\"text-decoration: underline;\"><span style=\"color: #ff0000; text-decoration: underline;\"><a title=\"cyclos-randonneurs-montfortais\" href=\"http:\/\/cyclos-randonneurs-montfortais.wifeo.com\/\" target=\"_blank\" rel=\"noopener\"><span style=\"color: #ff0000; text-decoration: underline;\">Cyclo-Randonneurs Montfortais<\/span><\/a><\/span><\/span><\/li>\n<\/ul>\n<p>&nbsp;<\/p>\n<h2><span style=\"text-decoration: underline;\"><span style=\"color: #000080; text-decoration: underline;\">La C\u00f4te d&rsquo;Emeraude<br \/>\n<\/span><\/span><\/h2>\n<ul>\n<li><span style=\"color: #000080;\">Label national N\u00b0320\/16<\/span><\/li>\n<li><span style=\"color: #000080;\">Organisation : Comit\u00e9 D\u00e9partemental 35<br \/>\n<\/span><\/li>\n<li><span style=\"color: #000080;\">Contact : Serge Massot, Email : <a href=\"mailto:sergemassot35@hotmail.fr\" target=\"_blank\" rel=\"noopener\">sergemassot35@hotmail.fr<\/a><br \/>\n<\/span><\/li>\n<li><span style=\"color: #000080;\">Kilom\u00e9trage : 3 circuits de 127, 132 et 126 km soit 385 km au total<\/span><\/li>\n<li><span style=\"color: #000080;\">D\u00e9nivel\u00e9 total : 3903 m<\/span><\/li>\n<li><span style=\"color: #000080;\">Document \u00e0 t\u00e9l\u00e9charger :<\/span> <a href=\"https:\/\/www.ffct-codep35.org\/wp-content\/uploads\/2012\/02\/la-c\u00f4te-dEmeraude.pdf\" class=\"mtli_attachment mtli_pdf\" target=\"_blank\" rel=\"noopener\"><span style=\"color: #ff0000;\"><span style=\"text-decoration: underline;\"><span style=\"color: #ff0000; text-decoration: underline;\">La C\u00f4te d&rsquo;Emeraude<\/span><\/span><\/span><\/a><\/li>\n<li><span style=\"color: #000080;\">Site internet :&nbsp;<span style=\"text-decoration: underline;\"><span style=\"color: #ff0000;\"><a style=\"color: #ff0000; text-decoration: underline;\" href=\"https:\/\/www.ffct-codep35.org\/?page_id=99\" target=\"_blank\" rel=\"noopener\">https:\/\/www.ffct-codep35.org\/<\/a><\/span><\/span><\/span><\/li>\n<\/ul>\n<p>&nbsp;<\/p>\n<h2><span style=\"text-decoration: underline;\"><span style=\"color: #000080; text-decoration: underline;\">Les Vallons et les Cluses de Haute-Bretagne<br \/>\n<\/span><\/span><\/h2>\n<ul>\n<li><span style=\"color: #000080;\">Label national N\u00b0353\/20<\/span><\/li>\n<li><span style=\"color: #000080;\">Organisation : La Bicyclette Bruzoise<br \/>\n<\/span><\/li>\n<li><span style=\"color: #000080;\">Contact : Patrick Drouet, Email : <a href=\"mailto:patrick.drouet@bbox.fr\" target=\"_blank\" rel=\"noopener\">patrick.drouet@bbox.fr<\/a><\/span><\/li>\n<li><span style=\"color: #000080;\">Kilom\u00e9trage : 110 km<\/span><\/li>\n<li><span style=\"color: #000080;\">D\u00e9nivel\u00e9 total : 1290 m<\/span><\/li>\n<li><span style=\"color: #000080;\">Document \u00e0 t\u00e9l\u00e9charger :<\/span> <a href=\"https:\/\/www.ffct-codep35.org\/wp-content\/uploads\/2022\/02\/RPBruz.pdf\" class=\"mtli_attachment mtli_pdf\" target=\"_blank\" rel=\"noopener\"><span style=\"color: #ff0000;\"><span style=\"text-decoration: underline;\"><span style=\"color: #ff0000; text-decoration: underline;\">Les Vallons et les Cluses de Haute-Bretagne<\/span><\/span><\/span><\/a><\/li>\n<li><span style=\"color: #000080;\">Site internet :&nbsp;<a href=\"http:\/\/bicyclette-bruzoise.ffvelo.fr\/\" target=\"_blank\" rel=\"noopener\"><span style=\"text-decoration: underline;\"><span style=\"color: #ff0000;\">http:\/\/bicyclette-bruzoise.ffvelo.fr<\/span><\/span><\/a><\/span><\/li>\n<\/ul>\n<p>&nbsp;<\/p>\n<h2><span style=\"text-decoration: underline;\"><span style=\"color: #000080; text-decoration: underline;\">La Baie du Mont Saint-Michel<br \/>\n<\/span><\/span><\/h2>\n<ul>\n<li><span style=\"color: #000080;\">Label national N\u00b0362\/22<\/span><\/li>\n<li><span style=\"color: #000080;\">Organisation : Comit\u00e9 D\u00e9partemental 35<br \/>\n<\/span><\/li>\n<li><span style=\"color: #000080;\">Contact : Fran\u00e7oise Pannetier, Email : <a href=\"mailto:francoise.pannetier@hotmail.fr\" target=\"_blank\" rel=\"noopener\">francoise.pannetier@hotmail.fr<\/a><br \/>\n<\/span><\/li>\n<li><span style=\"color: #000080;\">Kilom\u00e9trage : 2 circuits de 115 et 118 km soit 233 km au total<\/span><\/li>\n<li><span style=\"color: #000080;\">D\u00e9nivel\u00e9 total : 1379 m<\/span><\/li>\n<li><span style=\"color: #000080;\">Document \u00e0 t\u00e9l\u00e9charger :&nbsp;<\/span><a href=\"https:\/\/www.ffct-codep35.org\/wp-content\/uploads\/2024\/02\/La-Baie-du-Mont-Saint-Michel.pdf\" class=\"mtli_attachment mtli_pdf\" target=\"_blank\" rel=\"noopener\"><span style=\"color: #ff0000;\"><span style=\"text-decoration: underline;\"><span style=\"color: #ff0000; text-decoration: underline;\">La Baie du Mont Saint-Michel<\/span><\/span><\/span><\/a><\/li>\n<li><span style=\"color: #000080;\">Site internet : &nbsp;<span style=\"text-decoration: underline;\"><span style=\"color: #ff0000;\"><a style=\"color: #ff0000; text-decoration: underline;\" href=\"https:\/\/www.ffct-codep35.org\/?page_id=99\" target=\"_blank\" rel=\"noopener\">https:\/\/www.ffct-codep35.org\/<\/a><\/span><\/span><\/span><\/li>\n<\/ul>\n","protected":false},"excerpt":{"rendered":"<p>Randonn\u00e9es permanentes en Ille-et-Vilaine &nbsp; &nbsp;Les Fl\u00e8ches de l&rsquo;Ouest Label national N\u00b0128 Organisation : Esp\u00e9rance Chartres de Bretagne Contact : Armel Thabouret, Email : flechesouest@laposte.net Kilom\u00e9trage : 19 itin\u00e9raires de 75 \u00e0 415 km Site internet : Les Fl\u00e8ches de l&rsquo;Ouest &nbsp; &nbsp;Broc\u00e9liande Label national N\u00b0279\/12 Organisation : Cyclo-Randonneurs Montfortais Contact : Serge Massot, Email &hellip; <\/p>\n<p><a class=\"more-link block-button\" href=\"https:\/\/www.ffct-codep35.org\/?page_id=99\">Continue reading &raquo;<\/a><\/p>\n","protected":false},"author":1,"featured_media":0,"parent":0,"menu_order":0,"comment_status":"closed","ping_status":"closed","template":"","meta":{"ngg_post_thumbnail":0,"footnotes":""},"class_list":["post-99","page","type-page","status-publish","hentry","nodate"],"_links":{"self":[{"href":"https:\/\/www.ffct-codep35.org\/index.php?rest_route=\/wp\/v2\/pages\/99","targetHints":{"allow":["GET"]}}],"collection":[{"href":"https:\/\/www.ffct-codep35.org\/index.php?rest_route=\/wp\/v2\/pages"}],"about":[{"href":"https:\/\/www.ffct-codep35.org\/index.php?rest_route=\/wp\/v2\/types\/page"}],"author":[{"embeddable":true,"href":"https:\/\/www.ffct-codep35.org\/index.php?rest_route=\/wp\/v2\/users\/1"}],"replies":[{"embeddable":true,"href":"https:\/\/www.ffct-codep35.org\/index.php?rest_route=%2Fwp%2Fv2%2Fcomments&post=99"}],"version-history":[{"count":3,"href":"https:\/\/www.ffct-codep35.org\/index.php?rest_route=\/wp\/v2\/pages\/99\/revisions"}],"predecessor-version":[{"id":6053,"href":"https:\/\/www.ffct-codep35.org\/index.php?rest_route=\/wp\/v2\/pages\/99\/revisions\/6053"}],"wp:attachment":[{"href":"https:\/\/www.ffct-codep35.org\/index.php?rest_route=%2Fwp%2Fv2%2Fmedia&parent=99"}],"curies":[{"name":"wp","href":"https:\/\/api.w.org\/{rel}","templated":true}]}}