{"id":97,"date":"2012-02-11T21:41:07","date_gmt":"2012-02-11T20:41:07","guid":{"rendered":"http:\/\/www.ffct-codep35.org\/?page_id=97"},"modified":"2012-12-20T09:20:55","modified_gmt":"2012-12-20T08:20:55","slug":"vtt-2","status":"publish","type":"page","link":"https:\/\/www.ffct-codep35.org\/?page_id=97","title":{"rendered":"VTT"},"content":{"rendered":"<h5><span style=\"color: #5aa941;\"><strong>La charte du pratiquant :<\/strong><\/span><\/h5>\n<p>\u2022 Je reste courtois(e) avec les autres usagers et je reste discret(\u00e8te),<img loading=\"lazy\" decoding=\"async\" class=\"alignright\" src=\"http:\/\/www.ffct.org\/decouvrir\/img\/gren.jpg\" alt=\"\" width=\"177\" height=\"200\" align=\"right\" \/><br \/>\n\u2022 Je ma\u00eetrise ma vitesse en toutes circonstances,<br \/>\n\u2022 Je d\u00e9passe avec pr\u00e9caution les randonneurs p\u00e9destres et \u00e9questres qui restent toujours prioritaires,<br \/>\n\u2022 Je respecte la nature et les propri\u00e9t\u00e9s priv\u00e9es,<br \/>\n\u2022 Je roule imp\u00e9rativement sur les sentiers balis\u00e9s et ouverts au public,<br \/>\n\u2022 Je m\u2019interdis de p\u00e9n\u00e9trer en sous-bois et dans les parcelles de r\u00e9g\u00e9n\u00e9ration,<br \/>\n\u2022 J\u2019informe d\u2019autres personnes de mon itin\u00e9raire et je ne pars jamais seul(e),<br \/>\n\u2022 J\u2019emporte avec moi un n\u00e9cessaire de r\u00e9paration, une trousse de premi\u00e8re urgence et une carte d\u00e9taill\u00e9e du parcours,<br \/>\n\u2022 Je prends connaissance \u00e0 l\u2019avance des difficult\u00e9s, de la distance du trajet choisi et je ne prends pas de risques inutiles,<br \/>\n\u2022 Je m\u2019informe des conditions m\u00e9t\u00e9orologiques avant de partir en montagne,<br \/>\n\u2022 J\u2019observe le Code de la route en tous lieux et toutes circonstances,<br \/>\n\u2022 Je porte toujours un casque.<\/p>\n<p>&nbsp;<\/p>\n<h5><strong><span style=\"color: #5aa941;\">Conseils avants d&#8217;emmener un groupe en randonn\u00e9e :<\/span><\/strong><\/h5>\n<h5><span style=\"text-decoration: underline;\"><span style=\"color: #ff0000; text-decoration: underline;\">Pr\u00e9paration<\/span><\/span><\/h5>\n<p><span style=\"color: #000000;\">&#8211; Etude de l&rsquo;itin\u00e9raire sur la carte, reconnaissance au pr\u00e9alable dans la mesure du possible, pr\u00e9voir des itin\u00e9raires de remplacement et des \u00e9chappatoires adapt\u00e9s au niveau du groupe.<a href=\"https:\/\/www.ffct-codep35.org\/wp-content\/uploads\/2012\/02\/Boussole1.jpg\"><img loading=\"lazy\" decoding=\"async\" class=\"alignright size-thumbnail wp-image-897\" title=\"Boussole\" src=\"https:\/\/www.ffct-codep35.org\/wp-content\/uploads\/2012\/02\/Boussole1-150x150.jpg\" alt=\"\" width=\"150\" height=\"150\" srcset=\"https:\/\/www.ffct-codep35.org\/wp-content\/uploads\/2012\/02\/Boussole1-150x150.jpg 150w, https:\/\/www.ffct-codep35.org\/wp-content\/uploads\/2012\/02\/Boussole1-300x300.jpg 300w, https:\/\/www.ffct-codep35.org\/wp-content\/uploads\/2012\/02\/Boussole1.jpg 700w\" sizes=\"auto, (max-width: 150px) 100vw, 150px\" \/><\/a><\/span><\/p>\n<p><span style=\"color: #000000;\">&#8211; Calcul de la distance et de la dur\u00e9e<\/span><\/p>\n<p><span style=\"color: #000000;\">&#8211; Consultation des conditions m\u00e9t\u00e9o<\/span><\/p>\n<p><span style=\"color: #000000;\">&#8211; Connaissance des moyens d&rsquo;alerte des secours<\/span><\/p>\n<p><span style=\"color: #000000;\">&#8211; Pr\u00e9voir le nombre d&rsquo;encadrants n\u00e9cessaires en fonction du groupe<\/span><\/p>\n<p><span style=\"color: #000000;\">&#8211; Contr\u00f4ler les VTT (serrage roues, freins, d\u00e9railleurs&#8230;) et v\u00e9rifier la position sur le v\u00e9lo<\/span><\/p>\n<p><span style=\"color: #000000;\">&#8211; V\u00e9rifier les VTT, la tenue des participants, l&rsquo;eau et la nourriture<\/span><\/p>\n<h5><span style=\"color: #ff0000; text-decoration: underline;\"><span style=\"text-decoration: underline;\">Equipement<\/span><\/span><\/h5>\n<p><span style=\"color: #000000;\">&#8211; Tenue adapt\u00e9e \u00e0 la sortie (gilet jaune si besoin), pr\u00e9voir une tenue de pluie<a href=\"https:\/\/www.ffct-codep35.org\/wp-content\/uploads\/2012\/02\/tenue.jpg\"><img loading=\"lazy\" decoding=\"async\" class=\"alignright size-thumbnail wp-image-895\" title=\"tenue\" src=\"https:\/\/www.ffct-codep35.org\/wp-content\/uploads\/2012\/02\/tenue-150x150.jpg\" alt=\"\" width=\"150\" height=\"150\" \/><\/a><\/span><\/p>\n<p><span style=\"color: #000000;\">&#8211; casque<\/span><\/p>\n<p><span style=\"color: #000000;\">&#8211; lunettes et gants<\/span><\/p>\n<p><span style=\"color: #000000;\">&#8211; sac \u00e0 dos du responsable\u00a0: trousse \u00e0 pharmacie et de r\u00e9paration, encas, eau, carte, portable avec n\u00b0d&rsquo;urgence, sifflet, boussole<\/span><\/p>\n<p><span style=\"color: #000000;\">&#8211; le mat\u00e9riel doit \u00eatre v\u00e9rifi\u00e9 apr\u00e8s chaque utilisation<\/span><\/p>\n<h5>\u00a0<\/h5>\n<h5><span style=\"color: #5aa941;\">Conseils de s\u00e9curit\u00e9<\/span><\/h5>\n<p><span style=\"color: #000000;\">&#8211; Eviter de partir seul<\/span><\/p>\n<p><span style=\"color: #000000;\">&#8211; Indiquer \u00e0 un tiers sa destination, son itin\u00e9raire, son heure de retour<\/span><\/p>\n<p><span style=\"color: #000000;\">&#8211; Porter sur soi\u00a0une photocopie de pi\u00e8ce d&rsquo;identit\u00e9, le n\u00b0de t\u00e9l\u00e9phone d&rsquo;une personne \u00e0 joindre en cas d&rsquo;accident et\u00a0la carte du parcours\u00a0<\/span><\/p>\n<p><span style=\"color: #000000;\">&#8211; Savoir renoncer, ne pas surestimer sa force ou sa technique<\/span><\/p>\n<p><span style=\"color: #000000;\">&#8211; Prendre en compte des conditions climatiques (orages, coucher du soleil, brouillard&#8230;)<\/span><\/p>\n<p><span style=\"color: #000000;\">&#8211; Rester vigilant jusqu&rsquo;au retour, la fatigue entraine un manque de lucidit\u00e9 et de vigilance<\/span><\/p>\n","protected":false},"excerpt":{"rendered":"<p>La charte du pratiquant : \u2022 Je reste courtois(e) avec les autres usagers et je reste discret(\u00e8te), \u2022 Je ma\u00eetrise ma vitesse en toutes circonstances, \u2022 Je d\u00e9passe avec pr\u00e9caution les randonneurs p\u00e9destres et \u00e9questres qui restent toujours prioritaires, \u2022 Je respecte la nature et les propri\u00e9t\u00e9s priv\u00e9es, \u2022 Je roule imp\u00e9rativement sur les sentiers &hellip; <\/p>\n<p><a class=\"more-link block-button\" href=\"https:\/\/www.ffct-codep35.org\/?page_id=97\">Continue reading &raquo;<\/a><\/p>\n","protected":false},"author":1,"featured_media":0,"parent":0,"menu_order":0,"comment_status":"closed","ping_status":"closed","template":"template-onecolumn.php","meta":{"ngg_post_thumbnail":0,"footnotes":""},"class_list":["post-97","page","type-page","status-publish","hentry","nodate"],"_links":{"self":[{"href":"https:\/\/www.ffct-codep35.org\/index.php?rest_route=\/wp\/v2\/pages\/97","targetHints":{"allow":["GET"]}}],"collection":[{"href":"https:\/\/www.ffct-codep35.org\/index.php?rest_route=\/wp\/v2\/pages"}],"about":[{"href":"https:\/\/www.ffct-codep35.org\/index.php?rest_route=\/wp\/v2\/types\/page"}],"author":[{"embeddable":true,"href":"https:\/\/www.ffct-codep35.org\/index.php?rest_route=\/wp\/v2\/users\/1"}],"replies":[{"embeddable":true,"href":"https:\/\/www.ffct-codep35.org\/index.php?rest_route=%2Fwp%2Fv2%2Fcomments&post=97"}],"version-history":[{"count":10,"href":"https:\/\/www.ffct-codep35.org\/index.php?rest_route=\/wp\/v2\/pages\/97\/revisions"}],"predecessor-version":[{"id":885,"href":"https:\/\/www.ffct-codep35.org\/index.php?rest_route=\/wp\/v2\/pages\/97\/revisions\/885"}],"wp:attachment":[{"href":"https:\/\/www.ffct-codep35.org\/index.php?rest_route=%2Fwp%2Fv2%2Fmedia&parent=97"}],"curies":[{"name":"wp","href":"https:\/\/api.w.org\/{rel}","templated":true}]}}