{"id":6088,"date":"2024-11-26T11:56:24","date_gmt":"2024-11-26T10:56:24","guid":{"rendered":"https:\/\/www.ffct-codep35.org\/?page_id=6088"},"modified":"2025-11-14T09:05:46","modified_gmt":"2025-11-14T08:05:46","slug":"formation-premiers-secours-citoyen","status":"publish","type":"page","link":"https:\/\/www.ffct-codep35.org\/?page_id=6088","title":{"rendered":"Formation Premiers Secours Citoyen"},"content":{"rendered":"<p style=\"text-align: center;\"><strong>Nouvelles dates pour 2025 : jeudi 27 novembre ou mardi 9 d\u00e9cembre<br \/>\nPremi\u00e8res dates pour 2026 : samedi 24 janvier ou mardi 3 f\u00e9vrier<\/strong><\/p>\n<p style=\"text-align: center;\">Les formations seront r\u00e9alis\u00e9es dans les locaux de l\u2019Union D\u00e9partemental des Sapeurs-Pompiers :<br \/>\n<strong><a href=\"https:\/\/maps.app.goo.gl\/zB7iMHXuR8qRWKxF6\" target=\"_blank\" rel=\"noopener\"><span style=\"color: #008080;\">9 avenue des Platanes 35310 Mordelles<\/span><\/a><br \/>\n8h15 \u00e0 17h30 avec une pause le midi<\/strong><\/p>\n<p style=\"text-align: center;\">Cette formation peut servir dans la vie priv\u00e9e et lors de nos nombreuses balades \u00e0 v\u00e9los.<br \/>\nElle se d\u00e9roule en 7 heures.<br \/>\nLa formation \u00e9voluant avec son temps, il y est maintenant enseign\u00e9 l\u2019utilisation du d\u00e9fibrillateur.<\/p>\n<p style=\"text-align: center;\">Le co\u00fbt est de 10 \u20ac par participant, le solde est pris en charge par le CoDep et le CoReg.<br \/>\nIl est possible de d\u00e9jeuner sur place (local et micro-onde \u00e0 disposition) et un Super U est \u00e0 200 m\u00e8tres.<br \/>\nVous devrez \u00eatre <strong>licenci\u00e9s FFCT 2026<\/strong>&nbsp;et votre pr\u00e9sident de club ou de section doit valider votre inscription.<\/p>\n<h1 style=\"text-align: center;\"><a href=\"https:\/\/asmanager.fr\/inscriptions\/codep35\/?activityid=233\"><span style=\"color: #008080;\">==&gt; Formulaire d&rsquo;inscription accessible ici &lt;==<\/span><\/a><\/h1>\n<p><a href=\"https:\/\/asmanager.fr\/inscriptions\/codep35\/?activityid=233\"><img loading=\"lazy\" decoding=\"async\" class=\"size-medium wp-image-6087 aligncenter\" src=\"https:\/\/www.ffct-codep35.org\/wp-content\/uploads\/2024\/11\/Formation-PSC-300x225.jpg\" alt=\"\" width=\"300\" height=\"225\" srcset=\"https:\/\/www.ffct-codep35.org\/wp-content\/uploads\/2024\/11\/Formation-PSC-300x225.jpg 300w, https:\/\/www.ffct-codep35.org\/wp-content\/uploads\/2024\/11\/Formation-PSC.jpg 400w\" sizes=\"auto, (max-width: 300px) 100vw, 300px\" \/><\/a><\/p>\n","protected":false},"excerpt":{"rendered":"<p>Nouvelles dates pour 2025 : jeudi 27 novembre ou mardi 9 d\u00e9cembre Premi\u00e8res dates pour 2026 : samedi 24 janvier ou mardi 3 f\u00e9vrier Les formations seront r\u00e9alis\u00e9es dans les locaux de l\u2019Union D\u00e9partemental des Sapeurs-Pompiers : 9 avenue des Platanes 35310 Mordelles 8h15 \u00e0 17h30 avec une pause le midi Cette formation peut servir &hellip; <\/p>\n<p><a class=\"more-link block-button\" href=\"https:\/\/www.ffct-codep35.org\/?page_id=6088\">Continue reading &raquo;<\/a><\/p>\n","protected":false},"author":1,"featured_media":0,"parent":0,"menu_order":0,"comment_status":"closed","ping_status":"closed","template":"","meta":{"ngg_post_thumbnail":0,"footnotes":""},"class_list":["post-6088","page","type-page","status-publish","hentry","nodate"],"_links":{"self":[{"href":"https:\/\/www.ffct-codep35.org\/index.php?rest_route=\/wp\/v2\/pages\/6088","targetHints":{"allow":["GET"]}}],"collection":[{"href":"https:\/\/www.ffct-codep35.org\/index.php?rest_route=\/wp\/v2\/pages"}],"about":[{"href":"https:\/\/www.ffct-codep35.org\/index.php?rest_route=\/wp\/v2\/types\/page"}],"author":[{"embeddable":true,"href":"https:\/\/www.ffct-codep35.org\/index.php?rest_route=\/wp\/v2\/users\/1"}],"replies":[{"embeddable":true,"href":"https:\/\/www.ffct-codep35.org\/index.php?rest_route=%2Fwp%2Fv2%2Fcomments&post=6088"}],"version-history":[{"count":4,"href":"https:\/\/www.ffct-codep35.org\/index.php?rest_route=\/wp\/v2\/pages\/6088\/revisions"}],"predecessor-version":[{"id":6553,"href":"https:\/\/www.ffct-codep35.org\/index.php?rest_route=\/wp\/v2\/pages\/6088\/revisions\/6553"}],"wp:attachment":[{"href":"https:\/\/www.ffct-codep35.org\/index.php?rest_route=%2Fwp%2Fv2%2Fmedia&parent=6088"}],"curies":[{"name":"wp","href":"https:\/\/api.w.org\/{rel}","templated":true}]}}