{"id":2972,"date":"2016-03-20T11:20:26","date_gmt":"2016-03-20T10:20:26","guid":{"rendered":"http:\/\/www.ffct-codep35.org\/?page_id=2972"},"modified":"2016-03-20T11:33:57","modified_gmt":"2016-03-20T10:33:57","slug":"sport-sante-solidarite","status":"publish","type":"page","link":"https:\/\/www.ffct-codep35.org\/?page_id=2972","title":{"rendered":"Sport Sant\u00e9 Solidarit\u00e9"},"content":{"rendered":"<p><a href=\"https:\/\/www.ffct-codep35.org\/wp-content\/uploads\/2016\/03\/Pr-Carr\u00e91-e1458465073756.jpg\"><img loading=\"lazy\" decoding=\"async\" class=\"alignleft wp-image-2973\" src=\"https:\/\/www.ffct-codep35.org\/wp-content\/uploads\/2016\/03\/Pr-Carr\u00e91-e1458465073756-225x300.jpg\" alt=\"Pr Carr\u00e91\" width=\"120\" height=\"160\" srcset=\"https:\/\/www.ffct-codep35.org\/wp-content\/uploads\/2016\/03\/Pr-Carr\u00e91-e1458465073756-225x300.jpg 225w, https:\/\/www.ffct-codep35.org\/wp-content\/uploads\/2016\/03\/Pr-Carr\u00e91-e1458465073756.jpg 480w\" sizes=\"auto, (max-width: 120px) 100vw, 120px\" \/><\/a><\/p>\n<h5>A l&rsquo;initiative de la commission Sport-Sant\u00e9-Solidarit\u00e9 du CODEP35,\u00a0 Fran\u00e7ois CARR\u00c9, Professeur en physiologie cardiovasculaire et responsable des Services d\u2019Explorations fonctionnelles et de M\u00e9decine du Sport au CHU de Rennes, est intervenu le jeudi 3 mars \u00e0 19h \u00e0 la Maison des Sports \u00e0 Rennes.<\/h5>\n<h5>Pr\u00e8s de 100 cyclos appartenant aux clubs cyclotouristes d&rsquo;Ille &amp; Vilaine se sont int\u00e9ress\u00e9s \u00e0 la th\u00e9matique\u00a0: \u00ab\u00a0Coeur et sport absolument, mais pas n&rsquo;importe comment\u00a0\u00bb.<\/h5>\n<h5>D&rsquo;entr\u00e9e, le Pr. CARR\u00c9 a inond\u00e9 l&rsquo;auditoire d&rsquo;id\u00e9es re\u00e7ues, qui s&rsquo;av\u00e8rent inexactes, du style\u00a0:<\/h5>\n<h5>\u00ab\u00a0Parce qu&rsquo;on fait du sport on pr\u00e9vient les accidents cardiaques\u00a0\u00bb<\/h5>\n<h5><a href=\"https:\/\/www.ffct-codep35.org\/wp-content\/uploads\/2016\/03\/Pr-Carr\u00e95.jpg\"><img loading=\"lazy\" decoding=\"async\" class=\"alignleft wp-image-2979\" src=\"https:\/\/www.ffct-codep35.org\/wp-content\/uploads\/2016\/03\/Pr-Carr\u00e95-300x225.jpg\" alt=\"Pr Carr\u00e95\" width=\"160\" height=\"120\" srcset=\"https:\/\/www.ffct-codep35.org\/wp-content\/uploads\/2016\/03\/Pr-Carr\u00e95-300x225.jpg 300w, https:\/\/www.ffct-codep35.org\/wp-content\/uploads\/2016\/03\/Pr-Carr\u00e95.jpg 640w\" sizes=\"auto, (max-width: 160px) 100vw, 160px\" \/><\/a><\/h5>\n<h5><a href=\"https:\/\/www.ffct-codep35.org\/wp-content\/uploads\/2016\/03\/Pr-Carr\u00e93.jpg\"><img loading=\"lazy\" decoding=\"async\" class=\"alignright wp-image-2978\" src=\"https:\/\/www.ffct-codep35.org\/wp-content\/uploads\/2016\/03\/Pr-Carr\u00e93-300x225.jpg\" alt=\"Pr Carr\u00e93\" width=\"160\" height=\"120\" srcset=\"https:\/\/www.ffct-codep35.org\/wp-content\/uploads\/2016\/03\/Pr-Carr\u00e93-300x225.jpg 300w, https:\/\/www.ffct-codep35.org\/wp-content\/uploads\/2016\/03\/Pr-Carr\u00e93.jpg 640w\" sizes=\"auto, (max-width: 160px) 100vw, 160px\" \/><\/a><\/h5>\n<h5><a href=\"https:\/\/www.ffct-codep35.org\/wp-content\/uploads\/2016\/03\/Pr-Carr\u00e92.jpg\"><img loading=\"lazy\" decoding=\"async\" class=\"aligncenter wp-image-2977\" src=\"https:\/\/www.ffct-codep35.org\/wp-content\/uploads\/2016\/03\/Pr-Carr\u00e92-300x225.jpg\" alt=\"Pr Carr\u00e92\" width=\"160\" height=\"120\" srcset=\"https:\/\/www.ffct-codep35.org\/wp-content\/uploads\/2016\/03\/Pr-Carr\u00e92-300x225.jpg 300w, https:\/\/www.ffct-codep35.org\/wp-content\/uploads\/2016\/03\/Pr-Carr\u00e92.jpg 640w\" sizes=\"auto, (max-width: 160px) 100vw, 160px\" \/><\/a><\/h5>\n<h5>\u00a0Un expos\u00e9, avec comme support Power Point (t\u00e9l\u00e9chargeable en cliquant <span style=\"text-decoration: underline;\"><strong><span style=\"color: #ff0000;\"><a style=\"color: #ff0000; text-decoration: underline;\" href=\"https:\/\/www.ffct-codep35.org\/wp-content\/uploads\/2016\/03\/Carre-F-Education-du-sportif.ppsm\" target=\"_blank\">ici<\/a><\/span><\/strong><\/span>): \u00ab\u00a0Le bilan cardiovasculaire pour quel sportif\u00a0?\u00a0\u00bb, est pr\u00e9sent\u00e9 d&rsquo;o\u00f9 il ressort des informations telles que\u00a0:<\/h5>\n<ul>\n<li>\n<h5>Aucune pathologie chronique n&rsquo;interdit d\u00e9finitivement toute forme d&rsquo;activit\u00e9 physique.<\/h5>\n<\/li>\n<li>\n<h5>Statistiquement le risque de d\u00e9c\u00e8s chez un s\u00e9dentaire produisant un effort violent est, sur une \u00e9chelle de risque cardiovasculaire, de 107 alors qu\u2019il est de 19 chez un sportif pratiquant deux entra\u00eenements par semaine et 2.4 chez un sportif pratiquant quatre entra\u00eenements.<\/h5>\n<\/li>\n<li>\n<h5>Vu ses bienfaits, une pratique sportive doit toujours \u00eatre encourag\u00e9e mais le sport intense peut tuer un cardiaque m\u00e9connu\u00a0; le sport intense ne cr\u00e9e pas la maladie cardiaque, il la r\u00e9v\u00e8le.<\/h5>\n<\/li>\n<li>\n<h5>A partir de 60 ans d&rsquo;un certain \u00e2ge a, il ne faut plus faire de comp\u00e9tition.<\/h5>\n<\/li>\n<li>\n<h5>Dans les morts subites 40% des hommes avaient des sympt\u00f4mes avant, d&rsquo;o\u00f9 l&rsquo;int\u00e9r\u00eat lorsque nous passons un test \u00e0 l&rsquo;effort de d\u00e9cliner les ant\u00e9c\u00e9dents familiaux et personnels ainsi que les sympt\u00f4mes constat\u00e9s.<\/h5>\n<\/li>\n<li>\n<h5>Dans la dur\u00e9e de l&rsquo;effort, il faut absolument s&rsquo;hydrater sans mesure car les cellules lorsque l&rsquo;on s&rsquo;hydrate oxyg\u00e8nent le c\u0153ur.<\/h5>\n<\/li>\n<\/ul>\n<h5><\/h5>\n<h5>A l&rsquo;issue de cet expos\u00e9 le Pr. CARR\u00c9 a r\u00e9pondu \u00e0 de nombreuses questions \u00e9manant de la salle.<\/h5>\n<h5>Pour info, Le Pr. CARR\u00c9 a beaucoup travaill\u00e9 sur th\u00e8me de la s\u00e9dentarit\u00e9 et le manque d&rsquo;activit\u00e9 physique.<\/h5>\n<h5>Il nous a recommand\u00e9 de t\u00e9l\u00e9charger sur le site du club des cardiologues du sport (<a href=\"http:\/\/www.clubcardiosport.com\/\">www.clubcardiosport.com<\/a>) les 10 r\u00e8gles d&rsquo;or de bonne pratique d&rsquo;une activit\u00e9 physique et sportive \u00e0 respecter par le pratiquant.<\/h5>\n","protected":false},"excerpt":{"rendered":"<p>A l&rsquo;initiative de la commission Sport-Sant\u00e9-Solidarit\u00e9 du CODEP35,\u00a0 Fran\u00e7ois CARR\u00c9, Professeur en physiologie cardiovasculaire et responsable des Services d\u2019Explorations fonctionnelles et de M\u00e9decine du Sport au CHU de Rennes, est intervenu le jeudi 3 mars \u00e0 19h \u00e0 la Maison des Sports \u00e0 Rennes. Pr\u00e8s de 100 cyclos appartenant aux clubs cyclotouristes d&rsquo;Ille &amp; Vilaine &hellip; <\/p>\n<p><a class=\"more-link block-button\" href=\"https:\/\/www.ffct-codep35.org\/?page_id=2972\">Continue reading &raquo;<\/a><\/p>\n","protected":false},"author":1,"featured_media":0,"parent":0,"menu_order":0,"comment_status":"closed","ping_status":"closed","template":"","meta":{"ngg_post_thumbnail":0,"footnotes":""},"class_list":["post-2972","page","type-page","status-publish","hentry","nodate"],"_links":{"self":[{"href":"https:\/\/www.ffct-codep35.org\/index.php?rest_route=\/wp\/v2\/pages\/2972","targetHints":{"allow":["GET"]}}],"collection":[{"href":"https:\/\/www.ffct-codep35.org\/index.php?rest_route=\/wp\/v2\/pages"}],"about":[{"href":"https:\/\/www.ffct-codep35.org\/index.php?rest_route=\/wp\/v2\/types\/page"}],"author":[{"embeddable":true,"href":"https:\/\/www.ffct-codep35.org\/index.php?rest_route=\/wp\/v2\/users\/1"}],"replies":[{"embeddable":true,"href":"https:\/\/www.ffct-codep35.org\/index.php?rest_route=%2Fwp%2Fv2%2Fcomments&post=2972"}],"version-history":[{"count":11,"href":"https:\/\/www.ffct-codep35.org\/index.php?rest_route=\/wp\/v2\/pages\/2972\/revisions"}],"predecessor-version":[{"id":2993,"href":"https:\/\/www.ffct-codep35.org\/index.php?rest_route=\/wp\/v2\/pages\/2972\/revisions\/2993"}],"wp:attachment":[{"href":"https:\/\/www.ffct-codep35.org\/index.php?rest_route=%2Fwp%2Fv2%2Fmedia&parent=2972"}],"curies":[{"name":"wp","href":"https:\/\/api.w.org\/{rel}","templated":true}]}}

Sport Santé Solidarité

<p><a href="https://www.ffct-codep35.org/wp-content/uploads/2016/03/Pr-Carré1-e1458465073756.jpg"><img loading="lazy" decoding="async" class="alignleft wp-image-2973" src="https://www.ffct-codep35.org/wp-content/uploads/2016/03/Pr-Carré1-e1458465073756-225x300.jpg" alt="Pr Carré1" width="120" height="160" srcset="https://www.ffct-codep35.org/wp-content/uploads/2016/03/Pr-Carré1-e1458465073756-225x300.jpg 225w, https://www.ffct-codep35.org/wp-content/uploads/2016/03/Pr-Carré1-e1458465073756.jpg 480w" sizes="auto, (max-width: 120px) 100vw, 120px" /></a></p>
<h5>A l&rsquo;initiative de la commission Sport-Santé-Solidarité du CODEP35,  François CARRÉ, Professeur en physiologie cardiovasculaire et responsable des Services d’Explorations fonctionnelles et de Médecine du Sport au CHU de Rennes, est intervenu le jeudi 3 mars à 19h à la Maison des Sports à Rennes.</h5>
<h5>Près de 100 cyclos appartenant aux clubs cyclotouristes d&rsquo;Ille &amp; Vilaine se sont intéressés à la thématique : « Coeur et sport absolument, mais pas n&rsquo;importe comment ».</h5>
<h5>D&rsquo;entrée, le Pr. CARRÉ a inondé l&rsquo;auditoire d&rsquo;idées reçues, qui s&rsquo;avèrent inexactes, du style :</h5>
<h5>« Parce qu&rsquo;on fait du sport on prévient les accidents cardiaques »</h5>
<h5><a href="https://www.ffct-codep35.org/wp-content/uploads/2016/03/Pr-Carré5.jpg"><img loading="lazy" decoding="async" class="alignleft wp-image-2979" src="https://www.ffct-codep35.org/wp-content/uploads/2016/03/Pr-Carré5-300x225.jpg" alt="Pr Carré5" width="160" height="120" srcset="https://www.ffct-codep35.org/wp-content/uploads/2016/03/Pr-Carré5-300x225.jpg 300w, https://www.ffct-codep35.org/wp-content/uploads/2016/03/Pr-Carré5.jpg 640w" sizes="auto, (max-width: 160px) 100vw, 160px" /></a></h5>
<h5><a href="https://www.ffct-codep35.org/wp-content/uploads/2016/03/Pr-Carré3.jpg"><img loading="lazy" decoding="async" class="alignright wp-image-2978" src="https://www.ffct-codep35.org/wp-content/uploads/2016/03/Pr-Carré3-300x225.jpg" alt="Pr Carré3" width="160" height="120" srcset="https://www.ffct-codep35.org/wp-content/uploads/2016/03/Pr-Carré3-300x225.jpg 300w, https://www.ffct-codep35.org/wp-content/uploads/2016/03/Pr-Carré3.jpg 640w" sizes="auto, (max-width: 160px) 100vw, 160px" /></a></h5>
<h5><a href="https://www.ffct-codep35.org/wp-content/uploads/2016/03/Pr-Carré2.jpg"><img loading="lazy" decoding="async" class="aligncenter wp-image-2977" src="https://www.ffct-codep35.org/wp-content/uploads/2016/03/Pr-Carré2-300x225.jpg" alt="Pr Carré2" width="160" height="120" srcset="https://www.ffct-codep35.org/wp-content/uploads/2016/03/Pr-Carré2-300x225.jpg 300w, https://www.ffct-codep35.org/wp-content/uploads/2016/03/Pr-Carré2.jpg 640w" sizes="auto, (max-width: 160px) 100vw, 160px" /></a></h5>
<h5> Un exposé, avec comme support Power Point (téléchargeable en cliquant <span style="text-decoration: underline;"><strong><span style="color: #ff0000;"><a style="color: #ff0000; text-decoration: underline;" href="https://www.ffct-codep35.org/wp-content/uploads/2016/03/Carre-F-Education-du-sportif.ppsm" target="_blank">ici</a></span></strong></span>): « Le bilan cardiovasculaire pour quel sportif ? », est présenté d&rsquo;où il ressort des informations telles que :</h5>
<ul>
<li>
<h5>Aucune pathologie chronique n&rsquo;interdit définitivement toute forme d&rsquo;activité physique.</h5>
</li>
<li>
<h5>Statistiquement le risque de décès chez un sédentaire produisant un effort violent est, sur une échelle de risque cardiovasculaire, de 107 alors qu’il est de 19 chez un sportif pratiquant deux entraînements par semaine et 2.4 chez un sportif pratiquant quatre entraînements.</h5>
</li>
<li>
<h5>Vu ses bienfaits, une pratique sportive doit toujours être encouragée mais le sport intense peut tuer un cardiaque méconnu ; le sport intense ne crée pas la maladie cardiaque, il la révèle.</h5>
</li>
<li>
<h5>A partir de 60 ans d&rsquo;un certain âge a, il ne faut plus faire de compétition.</h5>
</li>
<li>
<h5>Dans les morts subites 40% des hommes avaient des symptômes avant, d&rsquo;où l&rsquo;intérêt lorsque nous passons un test à l&rsquo;effort de décliner les antécédents familiaux et personnels ainsi que les symptômes constatés.</h5>
</li>
<li>
<h5>Dans la durée de l&rsquo;effort, il faut absolument s&rsquo;hydrater sans mesure car les cellules lorsque l&rsquo;on s&rsquo;hydrate oxygènent le cœur.</h5>
</li>
</ul>
<h5></h5>
<h5>A l&rsquo;issue de cet exposé le Pr. CARRÉ a répondu à de nombreuses questions émanant de la salle.</h5>
<h5>Pour info, Le Pr. CARRÉ a beaucoup travaillé sur thème de la sédentarité et le manque d&rsquo;activité physique.</h5>
<h5>Il nous a recommandé de télécharger sur le site du club des cardiologues du sport (<a href="http://www.clubcardiosport.com/">www.clubcardiosport.com</a>) les 10 règles d&rsquo;or de bonne pratique d&rsquo;une activité physique et sportive à respecter par le pratiquant.</h5>

<p>A l&rsquo;initiative de la commission Sport-Santé-Solidarité du CODEP35,  François CARRÉ, Professeur en physiologie cardiovasculaire et responsable des Services d’Explorations fonctionnelles et de Médecine du Sport au CHU de Rennes, est intervenu le jeudi 3 mars à 19h à la Maison des Sports à Rennes. Près de 100 cyclos appartenant aux clubs cyclotouristes d&rsquo;Ille &amp; Vilaine &hellip; </p>
<p><a class="more-link block-button" href="https://www.ffct-codep35.org/?page_id=2972">Continue reading &raquo;</a></p>
