{"id":2228,"date":"2015-01-18T17:38:01","date_gmt":"2015-01-18T16:38:01","guid":{"rendered":"http:\/\/www.ffct-codep35.org\/?page_id=2228"},"modified":"2025-03-03T12:21:31","modified_gmt":"2025-03-03T11:21:31","slug":"calendrier-departemental-2015","status":"publish","type":"page","link":"https:\/\/www.ffct-codep35.org\/?page_id=2228","title":{"rendered":"Calendrier d\u00e9partemental"},"content":{"rendered":"<p>&nbsp;<\/p>\n<h4>&nbsp;En cliquant sur&nbsp; <span style=\"color: #ff0000;\"><a style=\"color: #ff0000;\" href=\"https:\/\/veloenfrance.fr\/calendrier-randonnees\" target=\"_blank\" rel=\"noopener noreferrer\">Calendrier_Ille-et Vilaine<\/a> <\/span>vous arrivez sur le site v\u00e9loenfrance.fr. Soit vous rentrez les informations \u00e0 gauche, soit vous zoomer sur le d\u00e9partement.<\/h4>\n<h2 style=\"text-align: center;\"><a href=\"https:\/\/www.ffct-codep35.org\/?page_id=6287\"><span style=\"color: #ff0000;\">Retrouvez ici les prochaines randos organis\u00e9es dans le d\u00e9partement<\/span><\/a><\/h2>\n","protected":false},"excerpt":{"rendered":"<p>&nbsp; &nbsp;En cliquant sur&nbsp; Calendrier_Ille-et Vilaine vous arrivez sur le site v\u00e9loenfrance.fr. Soit vous rentrez les informations \u00e0 gauche, soit vous zoomer sur le d\u00e9partement. Retrouvez ici les prochaines randos organis\u00e9es dans le d\u00e9partement<\/p>\n","protected":false},"author":1,"featured_media":0,"parent":0,"menu_order":0,"comment_status":"closed","ping_status":"closed","template":"","meta":{"ngg_post_thumbnail":0,"footnotes":""},"class_list":["post-2228","page","type-page","status-publish","hentry","nodate"],"_links":{"self":[{"href":"https:\/\/www.ffct-codep35.org\/index.php?rest_route=\/wp\/v2\/pages\/2228","targetHints":{"allow":["GET"]}}],"collection":[{"href":"https:\/\/www.ffct-codep35.org\/index.php?rest_route=\/wp\/v2\/pages"}],"about":[{"href":"https:\/\/www.ffct-codep35.org\/index.php?rest_route=\/wp\/v2\/types\/page"}],"author":[{"embeddable":true,"href":"https:\/\/www.ffct-codep35.org\/index.php?rest_route=\/wp\/v2\/users\/1"}],"replies":[{"embeddable":true,"href":"https:\/\/www.ffct-codep35.org\/index.php?rest_route=%2Fwp%2Fv2%2Fcomments&post=2228"}],"version-history":[{"count":4,"href":"https:\/\/www.ffct-codep35.org\/index.php?rest_route=\/wp\/v2\/pages\/2228\/revisions"}],"predecessor-version":[{"id":6292,"href":"https:\/\/www.ffct-codep35.org\/index.php?rest_route=\/wp\/v2\/pages\/2228\/revisions\/6292"}],"wp:attachment":[{"href":"https:\/\/www.ffct-codep35.org\/index.php?rest_route=%2Fwp%2Fv2%2Fmedia&parent=2228"}],"curies":[{"name":"wp","href":"https:\/\/api.w.org\/{rel}","templated":true}]}}