{"id":1549,"date":"2013-11-20T18:59:52","date_gmt":"2013-11-20T17:59:52","guid":{"rendered":"http:\/\/www.ffct-codep35.org\/?page_id=1549"},"modified":"2020-05-01T17:57:59","modified_gmt":"2020-05-01T16:57:59","slug":"les-velo-promenades","status":"publish","type":"page","link":"https:\/\/www.ffct-codep35.org\/?page_id=1549","title":{"rendered":"Les V\u00e9lo Promenades\u00ae"},"content":{"rendered":"<p style=\"text-align: center;\"><img loading=\"lazy\" decoding=\"async\" class=\"alignleft wp-image-3826\" src=\"https:\/\/www.ffct-codep35.org\/wp-content\/uploads\/2018\/05\/FFVELO_logo-r\u00e9duit-300x289.jpg\" alt=\"\" width=\"106\" height=\"102\" srcset=\"https:\/\/www.ffct-codep35.org\/wp-content\/uploads\/2018\/05\/FFVELO_logo-r\u00e9duit-300x289.jpg 300w, https:\/\/www.ffct-codep35.org\/wp-content\/uploads\/2018\/05\/FFVELO_logo-r\u00e9duit.jpg 475w\" sizes=\"auto, (max-width: 106px) 100vw, 106px\" \/><a href=\"https:\/\/www.ffct-codep35.org\/wp-content\/uploads\/2012\/10\/Logo-CODEP_site-internet.jpg\"><img loading=\"lazy\" decoding=\"async\" class=\"alignright wp-image-793\" style=\"border: 0px none;\" src=\"https:\/\/www.ffct-codep35.org\/wp-content\/uploads\/2012\/10\/Logo-CODEP_site-internet.jpg\" alt=\"Logo CODEP_site internet\" width=\"97\" height=\"102\"><\/a><\/p>\n<p>&nbsp;<\/p>\n<p>&nbsp;<\/p>\n<h1 style=\"text-align: center;\">&nbsp;<\/h1>\n<h1 style=\"text-align: center;\">Comit\u00e9 D\u00e9partemental Cyclotourisme 35<\/h1>\n<h2 style=\"text-align: center;\"><strong>Le concept v\u00e9lo promenades\u00ae<\/strong><\/h2>\n<h4 style=\"text-align: justify;\">&nbsp;&nbsp;&nbsp;&nbsp;&nbsp;&nbsp;&nbsp;&nbsp;&nbsp; Les v\u00e9lo promenades\u00ae sont des boucles de promenades \u00e0 v\u00e9los d&rsquo;une distance limit\u00e9e et de faible d\u00e9nivel\u00e9e \u00e0 destination majoritairement de publics touristiques et \/ ou familiaux. Elles mettent en valeur le patrimoine local et les services autour d&rsquo;itin\u00e9raires structurants comme les v\u00e9loroutes et les voies vertes auxquelles elles sont reli\u00e9es de pr\u00e9f\u00e9rence. Elles sont am\u00e9nag\u00e9es selon une m\u00e9thodologie leur garantissant la plus grande p\u00e9rennit\u00e9 : cr\u00e9ation, gestion, promotion. Le balisage vous guide tout au long du parcours.<\/h4>\n<h4 style=\"text-align: justify;\">&nbsp;&nbsp;&nbsp;&nbsp;&nbsp;&nbsp;&nbsp;&nbsp;&nbsp; Une convention est sign\u00e9e entre le Comit\u00e9 D\u00e9partemental d&rsquo;Ille et Vilaine de cyclotourisme (Codep 35 F.F.C.T.) et, le plus souvent, le Pays Touristique concern\u00e9 ou les Groupes d&rsquo;Int\u00e9r\u00eat Touristique (G.I.T) pour l&rsquo;homologation du concept V\u00e9lo Promenade\u00ae tel qu&rsquo;il est d\u00e9fini par la F\u00e9d\u00e9ration Fran\u00e7aise de CycloTourisme (F.F.C.T.) celle-ci souhaitant promouvoir cette activit\u00e9 aupr\u00e8s d&rsquo;un public touristique. Le Codep 35 accompagne le Pays Touristique dans la cr\u00e9ation des parcours avec le concours des clubs de cyclotourisme locaux qui rep\u00e8rent les circuits sur le terrain<\/h4>\n<h4 style=\"padding-left: 30px; text-align: justify;\">V\u00e9lo Promenades\u00ae est une marque d\u00e9pos\u00e9e de la F\u00e9d\u00e9ration Fran\u00e7aise de CycloTourisme (F.F.C.T.)<\/h4>\n<h2 style=\"text-align: center;\"><span style=\"text-decoration: underline;\">Liens utiles<\/span><\/h2>\n<h4>&nbsp;&nbsp;&nbsp;&nbsp;&nbsp; <a href=\"https:\/\/www.ffct-codep35.org\/wp-content\/uploads\/2020\/05\/carte-balade-et-randonnees\" target=\"_blank\" rel=\"noopener noreferrer\"><img loading=\"lazy\" decoding=\"async\" class=\"alignleft wp-image-4277\" src=\"https:\/\/www.ffct-codep35.org\/wp-content\/uploads\/2020\/05\/La-Haute-Bretagne-\u00e0-v\u00e9lo-300x234.jpg\" alt=\"\" width=\"196\" height=\"153\" srcset=\"https:\/\/www.ffct-codep35.org\/wp-content\/uploads\/2020\/05\/La-Haute-Bretagne-\u00e0-v\u00e9lo-300x234.jpg 300w, https:\/\/www.ffct-codep35.org\/wp-content\/uploads\/2020\/05\/La-Haute-Bretagne-\u00e0-v\u00e9lo-1024x800.jpg 1024w, https:\/\/www.ffct-codep35.org\/wp-content\/uploads\/2020\/05\/La-Haute-Bretagne-\u00e0-v\u00e9lo-768x600.jpg 768w, https:\/\/www.ffct-codep35.org\/wp-content\/uploads\/2020\/05\/La-Haute-Bretagne-\u00e0-v\u00e9lo.jpg 1038w\" sizes=\"auto, (max-width: 196px) 100vw, 196px\" \/><\/a>&nbsp;<\/h4>\n<h4><span style=\"color: #0000ff;\"> <a style=\"color: #0000ff;\" href=\"http:\/\/balades.bretagne35.com\/\" target=\"_blank\" rel=\"noopener noreferrer\">Balades en Haute Bretagne Ille-et-Vilaine<\/a><\/span><\/h4>\n<h4><span style=\"color: #0000ff;\"><a style=\"color: #0000ff;\" href=\"http:\/\/balades.bretagne35.com\/randonner\/grands-itineraires\/grands-itineraires-a-velo\" target=\"_blank\" rel=\"noopener noreferrer\">Grands itin\u00e9raires \u00e0 v\u00e9lo<\/a><\/span><\/h4>\n<p>&nbsp;<\/p>\n<p>&nbsp;<\/p>\n<h4>&nbsp; &nbsp; &nbsp; &nbsp;&nbsp;<\/h4>\n<p><a href=\"https:\/\/veloenfrance.fr\/\" target=\"_blank\" rel=\"noopener noreferrer\"><img loading=\"lazy\" decoding=\"async\" class=\"alignleft wp-image-4097\" src=\"https:\/\/www.ffct-codep35.org\/wp-content\/uploads\/2019\/11\/LOGO-VELOENFRANCE-300x96.jpeg\" alt=\"\" width=\"196\" height=\"63\"><\/a><\/p>\n<h4 style=\"padding-left: 30px; text-align: justify;\">&nbsp;&nbsp;<\/h4>\n<p>&nbsp;<\/p>\n<p style=\"text-align: right;\">&nbsp;<\/p>\n<p>.<\/p>\n","protected":false},"excerpt":{"rendered":"<p>&nbsp; &nbsp; &nbsp; Comit\u00e9 D\u00e9partemental Cyclotourisme 35 Le concept v\u00e9lo promenades\u00ae &nbsp;&nbsp;&nbsp;&nbsp;&nbsp;&nbsp;&nbsp;&nbsp;&nbsp; Les v\u00e9lo promenades\u00ae sont des boucles de promenades \u00e0 v\u00e9los d&rsquo;une distance limit\u00e9e et de faible d\u00e9nivel\u00e9e \u00e0 destination majoritairement de publics touristiques et \/ ou familiaux. Elles mettent en valeur le patrimoine local et les services autour d&rsquo;itin\u00e9raires structurants comme les v\u00e9loroutes &hellip; <\/p>\n<p><a class=\"more-link block-button\" href=\"https:\/\/www.ffct-codep35.org\/?page_id=1549\">Continue reading &raquo;<\/a><\/p>\n","protected":false},"author":1,"featured_media":0,"parent":0,"menu_order":0,"comment_status":"open","ping_status":"open","template":"","meta":{"ngg_post_thumbnail":0,"footnotes":""},"class_list":["post-1549","page","type-page","status-publish","hentry","nodate"],"_links":{"self":[{"href":"https:\/\/www.ffct-codep35.org\/index.php?rest_route=\/wp\/v2\/pages\/1549","targetHints":{"allow":["GET"]}}],"collection":[{"href":"https:\/\/www.ffct-codep35.org\/index.php?rest_route=\/wp\/v2\/pages"}],"about":[{"href":"https:\/\/www.ffct-codep35.org\/index.php?rest_route=\/wp\/v2\/types\/page"}],"author":[{"embeddable":true,"href":"https:\/\/www.ffct-codep35.org\/index.php?rest_route=\/wp\/v2\/users\/1"}],"replies":[{"embeddable":true,"href":"https:\/\/www.ffct-codep35.org\/index.php?rest_route=%2Fwp%2Fv2%2Fcomments&post=1549"}],"version-history":[{"count":3,"href":"https:\/\/www.ffct-codep35.org\/index.php?rest_route=\/wp\/v2\/pages\/1549\/revisions"}],"predecessor-version":[{"id":4280,"href":"https:\/\/www.ffct-codep35.org\/index.php?rest_route=\/wp\/v2\/pages\/1549\/revisions\/4280"}],"wp:attachment":[{"href":"https:\/\/www.ffct-codep35.org\/index.php?rest_route=%2Fwp%2Fv2%2Fmedia&parent=1549"}],"curies":[{"name":"wp","href":"https:\/\/api.w.org\/{rel}","templated":true}]}}

Les Vélo Promenades®

<p style="text-align: center;"><img loading="lazy" decoding="async" class="alignleft wp-image-3826" src="https://www.ffct-codep35.org/wp-content/uploads/2018/05/FFVELO_logo-réduit-300x289.jpg" alt="" width="106" height="102" srcset="https://www.ffct-codep35.org/wp-content/uploads/2018/05/FFVELO_logo-réduit-300x289.jpg 300w, https://www.ffct-codep35.org/wp-content/uploads/2018/05/FFVELO_logo-réduit.jpg 475w" sizes="auto, (max-width: 106px) 100vw, 106px" /><a href="https://www.ffct-codep35.org/wp-content/uploads/2012/10/Logo-CODEP_site-internet.jpg"><img loading="lazy" decoding="async" class="alignright wp-image-793" style="border: 0px none;" src="https://www.ffct-codep35.org/wp-content/uploads/2012/10/Logo-CODEP_site-internet.jpg" alt="Logo CODEP_site internet" width="97" height="102"></a></p>
<p>&nbsp;</p>
<p>&nbsp;</p>
<h1 style="text-align: center;">&nbsp;</h1>
<h1 style="text-align: center;">Comité Départemental Cyclotourisme 35</h1>
<h2 style="text-align: center;"><strong>Le concept vélo promenades®</strong></h2>
<h4 style="text-align: justify;">&nbsp;&nbsp;&nbsp;&nbsp;&nbsp;&nbsp;&nbsp;&nbsp;&nbsp; Les vélo promenades® sont des boucles de promenades à vélos d&rsquo;une distance limitée et de faible dénivelée à destination majoritairement de publics touristiques et / ou familiaux. Elles mettent en valeur le patrimoine local et les services autour d&rsquo;itinéraires structurants comme les véloroutes et les voies vertes auxquelles elles sont reliées de préférence. Elles sont aménagées selon une méthodologie leur garantissant la plus grande pérennité : création, gestion, promotion. Le balisage vous guide tout au long du parcours.</h4>
<h4 style="text-align: justify;">&nbsp;&nbsp;&nbsp;&nbsp;&nbsp;&nbsp;&nbsp;&nbsp;&nbsp; Une convention est signée entre le Comité Départemental d&rsquo;Ille et Vilaine de cyclotourisme (Codep 35 F.F.C.T.) et, le plus souvent, le Pays Touristique concerné ou les Groupes d&rsquo;Intérêt Touristique (G.I.T) pour l&rsquo;homologation du concept Vélo Promenade® tel qu&rsquo;il est défini par la Fédération Française de CycloTourisme (F.F.C.T.) celle-ci souhaitant promouvoir cette activité auprès d&rsquo;un public touristique. Le Codep 35 accompagne le Pays Touristique dans la création des parcours avec le concours des clubs de cyclotourisme locaux qui repèrent les circuits sur le terrain</h4>
<h4 style="padding-left: 30px; text-align: justify;">Vélo Promenades® est une marque déposée de la Fédération Française de CycloTourisme (F.F.C.T.)</h4>
<h2 style="text-align: center;"><span style="text-decoration: underline;">Liens utiles</span></h2>
<h4>&nbsp;&nbsp;&nbsp;&nbsp;&nbsp; <a href="https://www.ffct-codep35.org/wp-content/uploads/2020/05/carte-balade-et-randonnees" target="_blank" rel="noopener noreferrer"><img loading="lazy" decoding="async" class="alignleft wp-image-4277" src="https://www.ffct-codep35.org/wp-content/uploads/2020/05/La-Haute-Bretagne-à-vélo-300x234.jpg" alt="" width="196" height="153" srcset="https://www.ffct-codep35.org/wp-content/uploads/2020/05/La-Haute-Bretagne-à-vélo-300x234.jpg 300w, https://www.ffct-codep35.org/wp-content/uploads/2020/05/La-Haute-Bretagne-à-vélo-1024x800.jpg 1024w, https://www.ffct-codep35.org/wp-content/uploads/2020/05/La-Haute-Bretagne-à-vélo-768x600.jpg 768w, https://www.ffct-codep35.org/wp-content/uploads/2020/05/La-Haute-Bretagne-à-vélo.jpg 1038w" sizes="auto, (max-width: 196px) 100vw, 196px" /></a>&nbsp;</h4>
<h4><span style="color: #0000ff;"> <a style="color: #0000ff;" href="http://balades.bretagne35.com/" target="_blank" rel="noopener noreferrer">Balades en Haute Bretagne Ille-et-Vilaine</a></span></h4>
<h4><span style="color: #0000ff;"><a style="color: #0000ff;" href="http://balades.bretagne35.com/randonner/grands-itineraires/grands-itineraires-a-velo" target="_blank" rel="noopener noreferrer">Grands itinéraires à vélo</a></span></h4>
<p>&nbsp;</p>
<p>&nbsp;</p>
<h4>&nbsp; &nbsp; &nbsp; &nbsp;&nbsp;</h4>
<p><a href="https://veloenfrance.fr/" target="_blank" rel="noopener noreferrer"><img loading="lazy" decoding="async" class="alignleft wp-image-4097" src="https://www.ffct-codep35.org/wp-content/uploads/2019/11/LOGO-VELOENFRANCE-300x96.jpeg" alt="" width="196" height="63"></a></p>
<h4 style="padding-left: 30px; text-align: justify;">&nbsp;&nbsp;</h4>
<p>&nbsp;</p>
<p style="text-align: right;">&nbsp;</p>
<p>.</p>

<p>&nbsp; &nbsp; &nbsp; Comité Départemental Cyclotourisme 35 Le concept vélo promenades® &nbsp;&nbsp;&nbsp;&nbsp;&nbsp;&nbsp;&nbsp;&nbsp;&nbsp; Les vélo promenades® sont des boucles de promenades à vélos d&rsquo;une distance limitée et de faible dénivelée à destination majoritairement de publics touristiques et / ou familiaux. Elles mettent en valeur le patrimoine local et les services autour d&rsquo;itinéraires structurants comme les véloroutes &hellip; </p>
<p><a class="more-link block-button" href="https://www.ffct-codep35.org/?page_id=1549">Continue reading &raquo;</a></p>
